-30 + 51. Calculate the remainder when p is divided by 6.
3
What is the remainder when 4/14 - 500/(-14) is divided by 38/(-6)*(2 - 5)?
17
Let j(h) = -9*h + 1. What is the remainder when j(-2) is divided by (-90)/(-12)*(-4)/(-6)?
4
Calculate the remainder when (-6)/(-15) + 108/5 is divided by 8.
6
Suppose 5*y - 344 = y. Suppose -2*j - g + 90 = 3*j, -2*g = -4*j + y. What is the remainder when j is divided by 7?
5
Suppose -2*j + 5*j = n - 11, -n + j = -7. Let c be n - -4 - (4 + -1). What is the remainder when 30 is divided by 3/(18/8)*c?
6
Let g(d) = d**3 - 3*d**2 + 3*d - 4. Let p be g(3). Suppose 5*b + 5*l - 70 = 0, 5*b - p = -4*l + 69. What is the remainder when b is divided by 7?
4
Let x = -18 + 99. Suppose -3 = -3*k, 3*i = 5*i - 5*k - x. What is the remainder when i is divided by 2/(-9) + 274/18?
13
Let u(w) = -7*w - 5. Let s(d) = -d**2 - 3*d - 1. Let v be s(-4). Calculate the remainder when u(v) is divided by 16.
14
Suppose -g + 1 - 3 = 0. What is the remainder when (27/(-2))/(g/4) is divided by 14?
13
Let g = 104 - 69. Calculate the remainder when 67 is divided by g.
32
Let b be 4/(-2) - (-22 - -3). Suppose 3 = 5*v - b. Suppose -6 + 2 = -v*h. What is the remainder when 1 is divided by h?
0
Suppose 5*w = 2*w + 81. Suppose i = -0*i + w. What is the remainder when i + 3/((-3)/2) is divided by 13?
12
Suppose 5*l + 7 - 77 = 0. Calculate the remainder when 53 is divided by l.
11
Let g(u) = 3*u**2 - 9*u - 79. Calculate the remainder when g(-6) is divided by 19.
7
Suppose -8 = y + 3*y. Let o = 10 - y. What is the remainder when 471/10 - 11/110 is divided by o?
11
Let m(l) = -l + 20. Suppose 0 = -y - 2*y, 0 = 5*b - 4*y - 235. What is the remainder when b is divided by m(8)?
11
Suppose g - 36 = -9. Let m(d) = 2*d. What is the remainder when g is divided by m(7)?
13
What is the remainder when 3 + (0 + 26)/2 is divided by 3/(-9)*(-27)/1?
7
Let j = 383 - 120. Calculate the remainder when j is divided by 33.
32
Let j be 3/3 - 5 - 2. Let s be 9/j*(-1 - 61). What is the remainder when 38 is divided by s/7 + (-2)/7?
12
Let n = 34 + -22. Let r be 5 - (1/1 + 0). Suppose -4*k - 5 = -0*x - 3*x, 4*x - r*k = 12. Calculate the remainder when n is divided by x.
5
Let l = 83 - 10. Calculate the remainder when l is divided by 19.
16
Suppose 29 + 7 = 6*a. Calculate the remainder when 40 is divided by a.
4
Suppose -2*u = u + 6. What is the remainder when 43 is divided by (u/(-4))/((-3)/(-90))?
13
Suppose -13 + 43 = 3*s. Suppose 0 = -5*r + 5*m + 230, 0 = 4*r + 3*m - 154 - 2. Suppose c + 13 = r. Calculate the remainder when c is divided by s.
9
Let p(g) = g**2 + 4*g + 44. Calculate the remainder when 222 is divided by p(-6).
54
Suppose 7*u = 164 - 45. What is the remainder when 96 is divided by u?
11
Suppose 15*o = 14*o + 81. Let k = -51 + 72. What is the remainder when o is divided by k?
18
Let t(r) = -29*r - 4. What is the remainder when t(-2) is divided by 11?
10
Suppose 0 = -2*v + 35 - 13. What is the remainder when ((-2)/3)/((-12)/558) is divided by v?
9
Suppose b = -2*b - 147. Let l = -3 - b. What is the remainder when l is divided by 12?
10
Let r(f) = f**3 + 6*f**2 - 5*f + 7. Let b(x) = x**2 + 4*x - 1. What is the remainder when r(-6) is divided by b(3)?
17
Suppose u - 24 + 93 = 2*z, 2*z = -u + 79. Calculate the remainder when z is divided by 10.
7
Let x(n) = -n - 2. Let v be x(3). Let o = v - -19. What is the remainder when o is divided by 9?
5
Let w = 29 - 28. Calculate the remainder when w is divided by 1.
0
Let b(t) = -4*t - 8. Let y(v) = v. Let g(d) = -b(d) - 5*y(d). Calculate the remainder when 5 is divided by g(4).
1
Suppose 23 = 4*c - 5. What is the remainder when 20 is divided by c?
6
Let v be (18*1 + 0)/1. Suppose -34 = -5*x + p, x - 6 = -p + 2*p. Let s = v - x. What is the remainder when 20 is divided by s?
9
Let m(n) = -6*n - 9. Let f(o) = -12*o - 19. Let j(x) = 2*f(x) - 5*m(x). Calculate the remainder when j(5) is divided by 13.
11
Let g(k) = k**3 - 9*k**2 + 9*k + 2. Let w be g(8). Let b = 19 - w. Let u = -4 + 9. Calculate the remainder when b is divided by u.
4
Let p = 80 - 66. What is the remainder when p is divided by 4?
2
Suppose 4*c - 49 = -13. Let i(s) = s**2 - 8*s + 7. What is the remainder when i(c) is divided by 6?
4
Let h(s) = -s**2. Let b be h(0). Suppose b = -3*n, 5*v - v + n = 24. What is the remainder when v is divided by 4?
2
What is the remainder when (-1)/5 + 176/5 is divided by -1*4 + 112/7?
11
Let g(q) = q**3 - 2*q**2 + q + 1. Let u be g(2). Suppose 0*c - 7 = -2*o + u*c, -4*o + c = 11. What is the remainder when (o/(-8))/((-2)/(-68)) is divided by 9?
8
Let a = -13 + 18. Suppose 4*n - a*n = -9. Calculate the remainder when 16 is divided by n.
7
Let c = 11 + -2. Calculate the remainder when ((-264)/(-165))/(2/20) is divided by c.
7
Let j(k) = -7*k - 4. Let u(o) = -6*o - 3. Let p(y) = 4*j(y) - 5*u(y). Let h(b) = b + 1. Let m be h(0). Calculate the remainder when 2 is divided by p(m).
0
Suppose 30 = 5*d - d - l, 3*l - 22 = -2*d. What is the remainder when 23 is divided by d?
7
Let v be 10 + -11 + (0 - -11). Let r = -5 + v. Calculate the remainder when 17 is divided by r.
2
Let p = 124 - 112. What is the remainder when 58 is divided by p?
10
Let x(i) = i**3 - 3*i**2 + 4*i - 1. Calculate the remainder when x(2) is divided by 1.
0
Suppose -5*y - 5*z + 87 = -4*z, 4*z + 60 = 4*y. Calculate the remainder when 50 is divided by y.
16
Let b(t) = t**2 - t + 1. Let d be b(0). Calculate the remainder when 70 is divided by 12 + (d - -2) + 3.
16
Let x = 13 - -18. Let m = -68 - -47. Let l = 32 + m. What is the remainder when x is divided by l?
9
Let t(v) = v**3 + 5*v**2 + 5*v + 3. Let s(g) = g - 4*g**2 + 0*g**2 - 2*g. Let k be s(-1). What is the remainder when 17 is divided by t(k)?
5
Suppose -3*z + v + 139 = 0, 3*v = 3*z - 193 + 64. Calculate the remainder when z is divided by 26.
22
Let n be (-212)/(-8) + (-3)/6. Let p = 41 - n. Calculate the remainder when p is divided by 6.
3
Calculate the remainder when 15 is divided by 4/(-16) + 14*(-3)/(-8).
0
What is the remainder when 275 is divided by (284/(-8) - -1)*16/(-12)?
45
Let w(c) = c**3 + 7*c**2 + 7*c + 1. Calculate the remainder when 45 is divided by w(-5).
13
Let n(b) = -2*b**2 + 19*b + 5. What is the remainder when 41 is divided by n(9)?
13
Let s(h) = 8*h - 1. Let k(b) = -40*b + 5. Let w(l) = -2*k(l) - 11*s(l). Let n(y) = y**2 + 2*y - 3. Calculate the remainder when w(-1) is divided by n(2).
4
Suppose -h = -2*h + 6. Let u = -28 - -43. What is the remainder when 332/u - 2/15 is divided by h?
4
Suppose 9*o = 4*o - 115. Let n = -13 - o. Calculate the remainder when 28 is divided by n.
8
Let p = -138 + 204. Suppose 3*j + 2*v - 55 = 3*v, -4*j + 5*v = -p. Calculate the remainder when j is divided by (-2)/11 + (-237)/(-33).
5
Suppose 0 = 3*m + 2*z - 4 - 6, -4*m - 3*z + 12 = 0. Let y = 99 - -96. What is the remainder when (-1)/(-6) + y/18 is divided by m?
5
Suppose 5*k + 6*f - 690 = f, 2*k - 276 = -5*f. Suppose 2*q + q = k. Calculate the remainder when q is divided by 12.
10
Let l(x) = 7*x + 8. Let g(p) = 2*p**2 + 3*p + 11. What is the remainder when l(6) is divided by g(-2)?
11
Suppose -5*h + 20 = 4*p, -2*p + 0*h = h - 4. Let z be 2 + p + 2/1. Suppose 26 + 38 = z*o. Calculate the remainder when o is divided by 9.
7
Let c(m) = -m**2 - 16*m + 13. What is the remainder when c(-15) is divided by 1*-1 - (-7 - 4)?
8
Suppose 5*t - z = 76, -2*z = -2*t - 2*t + 56. What is the remainder when 7/((-49)/30)*-7 is divided by t?
14
Suppose -q - 4*q = -5. Calculate the remainder when 1 is divided by q.
0
Let o = -12 - -14. Suppose 6 = -0*d + o*d. Calculate the remainder when 8 is divided by d.
2
Let v(u) = u**3 - 18*u**2 + 18*u + 27. What is the remainder when 175 is divided by v(17)?
43
Suppose -8*g = -4*g + 2*y - 6, 3*g - 3*y = 0. Let t = 3 + -1. What is the remainder when t is divided by g?
0
Let p = -66 - -110. Calculate the remainder when p is divided by 9.
8
Let o = -161 + 296. Suppose -o = 15*a - 18*a. Calculate the remainder when a is divided by 12.
9
Suppose 5*n - 6 = h, -24 = -h - 2*h + n. Let j(w) = w**3 - 10*w**2 + 12*w - 13. Let g be j(h). Calculate the remainder when g/63 - (-266)/18 is divided by 4.
3
Let h = 120 - 68. Suppose 0 = 5*u - 3*b - 87, -3*u + h = 3*b - 5*b. What is the remainder when 70 i